{"version":"1.0","provider_name":"Elle l&#039;a bien cherch\u00e9 !?","provider_url":"https:\/\/ellelabiencherche.com","author_name":"Ellelabiencherche","author_url":"https:\/\/ellelabiencherche.com\/index.php\/author\/gueno\/","title":"Les victimes de violences sont-elles en partie responsables de ce qu'elles subissent ? (spoiler : non ! non ! et non !) - Elle l&#039;a bien cherch\u00e9 !?","type":"rich","width":600,"height":338,"html":"<blockquote class=\"wp-embedded-content\" data-secret=\"s7F549zynT\"><a href=\"https:\/\/ellelabiencherche.com\/index.php\/2022\/01\/09\/responsabilite-des-victimes\/\">Les victimes de violences sont-elles en partie responsables de ce qu&#8217;elles subissent ? (spoiler : non ! non ! et non !)<\/a><\/blockquote><iframe sandbox=\"allow-scripts\" security=\"restricted\" src=\"https:\/\/ellelabiencherche.com\/index.php\/2022\/01\/09\/responsabilite-des-victimes\/embed\/#?secret=s7F549zynT\" width=\"600\" height=\"338\" title=\"\u00ab\u00a0Les victimes de violences sont-elles en partie responsables de ce qu&#8217;elles subissent ? (spoiler : non ! non ! et non !)\u00a0\u00bb &#8212; Elle l&#039;a bien cherch\u00e9 !?\" data-secret=\"s7F549zynT\" frameborder=\"0\" marginwidth=\"0\" marginheight=\"0\" scrolling=\"no\" class=\"wp-embedded-content\"><\/iframe><script type=\"text\/javascript\">\n\/* <![CDATA[ *\/\n\/*! This file is auto-generated *\/\n!function(d,l){\"use strict\";l.querySelector&&d.addEventListener&&\"undefined\"!=typeof URL&&(d.wp=d.wp||{},d.wp.receiveEmbedMessage||(d.wp.receiveEmbedMessage=function(e){var t=e.data;if((t||t.secret||t.message||t.value)&&!\/[^a-zA-Z0-9]\/.test(t.secret)){for(var s,r,n,a=l.querySelectorAll('iframe[data-secret=\"'+t.secret+'\"]'),o=l.querySelectorAll('blockquote[data-secret=\"'+t.secret+'\"]'),c=new RegExp(\"^https?:$\",\"i\"),i=0;i<o.length;i++)o[i].style.display=\"none\";for(i=0;i<a.length;i++)s=a[i],e.source===s.contentWindow&&(s.removeAttribute(\"style\"),\"height\"===t.message?(1e3<(r=parseInt(t.value,10))?r=1e3:~~r<200&&(r=200),s.height=r):\"link\"===t.message&&(r=new URL(s.getAttribute(\"src\")),n=new URL(t.value),c.test(n.protocol))&&n.host===r.host&&l.activeElement===s&&(d.top.location.href=t.value))}},d.addEventListener(\"message\",d.wp.receiveEmbedMessage,!1),l.addEventListener(\"DOMContentLoaded\",function(){for(var e,t,s=l.querySelectorAll(\"iframe.wp-embedded-content\"),r=0;r<s.length;r++)(t=(e=s[r]).getAttribute(\"data-secret\"))||(t=Math.random().toString(36).substring(2,12),e.src+=\"#?secret=\"+t,e.setAttribute(\"data-secret\",t)),e.contentWindow.postMessage({message:\"ready\",secret:t},\"*\")},!1)))}(window,document);\n\/\/# sourceURL=https:\/\/ellelabiencherche.com\/wp-includes\/js\/wp-embed.min.js\n\/* ]]> *\/\n<\/script>\n","thumbnail_url":"https:\/\/ellelabiencherche.com\/wp-content\/uploads\/2022\/01\/Capture-de\u0301cran-2022-01-11-a\u0300-09.55.48.png","thumbnail_width":1705,"thumbnail_height":840,"description":"J\u2019entends r\u00e9guli\u00e8rement qu\u2019une victime de violence serait en partie responsable de ce qu\u2019elle subit, ou a subi. De la bouche d\u2019inconnus, de connaissances, d\u2019amis, de th\u00e9rapeutes, hommes ou femmes. Cette id\u00e9e est assez suffisamment ancr\u00e9e pour \u00eatre r\u00e9p\u00e9t\u00e9e, souvent sans argumentation, comme le sont les croyances. Ce texte ne juge personne, il est au contraire &hellip;"}

Elle l&#039;a bien cherché !?

Les victimes de violences sont-elles en partie responsables de ce qu'elles subissent ? (spoiler : non ! non ! et non !) - Elle l&#039;a bien cherché !?

<blockquote class="wp-embedded-content" data-secret="s7F549zynT"><a href="https://ellelabiencherche.com/index.php/2022/01/09/responsabilite-des-victimes/">Les victimes de violences sont-elles en partie responsables de ce qu&#8217;elles subissent ? (spoiler : non ! non ! et non !)</a></blockquote><iframe sandbox="allow-scripts" security="restricted" src="https://ellelabiencherche.com/index.php/2022/01/09/responsabilite-des-victimes/embed/#?secret=s7F549zynT" width="600" height="338" title="« Les victimes de violences sont-elles en partie responsables de ce qu&#8217;elles subissent ? (spoiler : non ! non ! et non !) » &#8212; Elle l&#039;a bien cherché !?" data-secret="s7F549zynT" frameborder="0" marginwidth="0" marginheight="0" scrolling="no" class="wp-embedded-content"></iframe><script type="text/javascript">
/* <![CDATA[ */
/*! This file is auto-generated */
!function(d,l){"use strict";l.querySelector&&d.addEventListener&&"undefined"!=typeof URL&&(d.wp=d.wp||{},d.wp.receiveEmbedMessage||(d.wp.receiveEmbedMessage=function(e){var t=e.data;if((t||t.secret||t.message||t.value)&&!/[^a-zA-Z0-9]/.test(t.secret)){for(var s,r,n,a=l.querySelectorAll('iframe[data-secret="'+t.secret+'"]'),o=l.querySelectorAll('blockquote[data-secret="'+t.secret+'"]'),c=new RegExp("^https?:$","i"),i=0;i<o.length;i++)o[i].style.display="none";for(i=0;i<a.length;i++)s=a[i],e.source===s.contentWindow&&(s.removeAttribute("style"),"height"===t.message?(1e3<(r=parseInt(t.value,10))?r=1e3:~~r<200&&(r=200),s.height=r):"link"===t.message&&(r=new URL(s.getAttribute("src")),n=new URL(t.value),c.test(n.protocol))&&n.host===r.host&&l.activeElement===s&&(d.top.location.href=t.value))}},d.addEventListener("message",d.wp.receiveEmbedMessage,!1),l.addEventListener("DOMContentLoaded",function(){for(var e,t,s=l.querySelectorAll("iframe.wp-embedded-content"),r=0;r<s.length;r++)(t=(e=s[r]).getAttribute("data-secret"))||(t=Math.random().toString(36).substring(2,12),e.src+="#?secret="+t,e.setAttribute("data-secret",t)),e.contentWindow.postMessage({message:"ready",secret:t},"*")},!1)))}(window,document);
//# sourceURL=https://ellelabiencherche.com/wp-includes/js/wp-embed.min.js
/* ]]> */
</script>

J’entends régulièrement qu’une victime de violence serait en partie responsable de ce qu’elle subit, ou a subi. De la bouche d’inconnus, de connaissances, d’amis, de thérapeutes, hommes ou femmes. Cette idée est assez suffisamment ancrée pour être répétée, souvent sans argumentation, comme le sont les croyances. Ce texte ne juge personne, il est au contraire &hellip;
